Let p be z(-3). Let j(t) = 116*t + 119. Let a be j(2). Suppose 2*l - p - a = 0. Is l a prime number?
False
Suppose 5*c = 3*h + 1080527 + 1424882, -2004316 = -4*c + h. Is c a prime number?
True
Let k be (-2 - 1)*(-130)/10. Suppose 40*o - 565 = k*o. Suppose -4*x + 79 + 2195 = 5*m, -3*m + o = x. Is x a composite number?
False
Suppose -34 = t - 46. Suppose -5*b + 8 + t = 0. Suppose -158 - 412 = -g - r, -b*r + 20 = 0. Is g prime?
False
Suppose 36*c - 3696907 = 6982601. Is c prime?
False
Suppose 0 = -4*g + 5*s + 36709, 4*g + 69*s = 70*s + 36721. Is g a composite number?
False
Let t(n) = -n**2 + 10*n + 9. Let i be t(10). Let k(j) = 81*j - 39. Let u(p) = 323*p - 155. Let z(y) = i*k(y) - 2*u(y). Is z(10) prime?
False
Let v(t) = -39*t**2 - 6*t - 29. Let h be v(-4). Let p = 1279 + h. Suppose -p - 1077 = -11*w. Is w a prime number?
True
Let r(z) = 13*z**2 + 12*z + 20. Let a be r(-20). Suppose a = 65*f - 53*f. Is f composite?
True
Suppose 0 = -5*f + 5*q + 486520, 194614 = 2*f - 313*q + 309*q. Is f a composite number?
False
Suppose 9*b - 4 = 14. Let t(n) = n - 11. Let s be t(13). Suppose r - 45 - 204 = s*o, -b*r = -2*o - 498. Is r prime?
False
Let c(f) = -f**3 - 2*f**2 + 3*f + 6. Let b be c(-3). Is (-19635)/(-4) + 46/(-8) + b composite?
False
Let f be -2*30/24*-2. Suppose 5*h + 12*r - 10*r - 11855 = 0, h = -f*r + 2371. Is h a prime number?
True
Suppose -10*s + 15*s + 2865 = 0. Let l = -251 - s. Suppose -17*q + l = -15*q. Is q prime?
False
Is -88207*(-20 + 19 + 0) prime?
False
Suppose -6*u - 8457 = -5*u. Is u/(25/(-5) + -2 + 4) a prime number?
True
Let k(g) = 1409*g + 90. Let l be k(-10). Let a be ((-6)/(-8))/(4/16). Is (-1)/a + l/(-24) a prime number?
False
Is (-15091)/(-3) + (5 - (-133)/(-21)) prime?
False
Is (10 + -10 - 2)/((-8)/1780076) composite?
False
Let n = -15905 + 9252. Let u = 1182 - n. Is u a prime number?
False
Let w(v) = 91*v + 168. Let r(j) = -185*j - 336. Let y(g) = -2*r(g) - 5*w(g). Is y(-31) a prime number?
True
Suppose -53*z + 378576 = -44*z. Let u = -30027 + z. Is u a composite number?
False
Suppose -13*v = -19*v + 12. Suppose 2*p = 5*l - l + 408, 0 = v*l - 4*p + 216. Let c = l - -227. Is c composite?
False
Suppose 16*p - 268900 = 127388. Suppose -4*b = 2*x - 33010, -19*x + p = 3*b - 21*x. Is b composite?
True
Let w(z) = 2*z**2 + 3*z + 20. Let h be w(6). Let f = h + -94. Suppose 4*l = 0, 2*o - 5*l + f = 126. Is o a prime number?
False
Let j(f) be the first derivative of -641*f**2/2 - 2*f + 8. Let u be j(-3). Suppose x + 4*x + u = 3*c, 4*x = 2*c - 1278. Is c a prime number?
True
Suppose 2619056 = 17*v + 120753. Is v composite?
True
Suppose -2162 = -5*l - 4*k, 0 = 4*l - 2*k - 3*k - 1746. Suppose 5*z = 3*z + l. Let f = z + 325. Is f prime?
False
Suppose 0*y - 40 = -10*y. Suppose o - 376 = 5*o - 4*t, -465 = 5*o - y*t. Let g = o + 238. Is g a composite number?
False
Let i be (-7 - -6)/((-2)/(4 - -2)). Suppose 0 = i*u - 34 + 4. Suppose 11*c = u*c + 1949. Is c a prime number?
True
Let k(r) = 82*r - 21. Let d(l) = 83*l - 22. Let w(z) = -2*d(z) + 3*k(z). Let a be w(-15). Let o = a - -2502. Is o a composite number?
False
Let u = -137 - -129. Is (-1436)/u*1 - 2/4 a prime number?
True
Suppose -4*y + 51302 = 2*c, y + 21*c = 16*c + 12794. Is y prime?
True
Suppose -2*j + 2*p - 14 = 0, 3*j + 5*p + 5 = -0*p. Let q be (j - 0)/(-3 + 2). Suppose -q*z + 627 = 2*k, -k - 512 = -4*z - 0*k. Is z a prime number?
True
Let g(p) be the first derivative of -26*p**2 - 51*p + 1592. Let l(i) = -i. Let k be l(4). Is g(k) a composite number?
False
Is (16585058/49 - 0) + (-9)/(-21) prime?
False
Suppose -2916 = -474*q + 478*q. Let g = q + 3671. Is g a prime number?
False
Let y(p) = -17*p + 112*p**2 - 2*p + p**3 + 15 - 116*p**2. Is y(19) a prime number?
False
Let x be ((-12)/(-15))/((-8)/180). Let y be 2 - 4/6*x/12. Let p(b) = 17*b**3 - 4*b**2 + 6*b + 4. Is p(y) composite?
True
Suppose 6*q + 58 = 11*q - h, -2*q - 5*h = -34. Is (-31239)/(-5) + q/(-15) a prime number?
True
Let j be 12/3 + (5 - 5). Suppose -3*y - 3*f = 0, -j*y + 21 = f - 4*f. Suppose 5*s = -15, -5*s - 599 = -y*i + 457. Is i prime?
True
Let t(i) = 9*i**2 + 13*i + 93. Let s be t(-16). Let p = s + -1278. Is p a prime number?
True
Let x(s) = 1448*s + 16 - 1495*s - 6*s**2 - 9*s**3 - s**2. Is x(-11) a composite number?
True
Let n = 1189 + -56. Let m = n + 246. Is m a composite number?
True
Let r(m) = -57*m**3 - 4*m**2 - 4*m - 1. Suppose 0 = -5*g + 33 + 7. Suppose -8*c + g = -12*c. Is r(c) a prime number?
False
Let t = 360 - -574. Let x = t - -1015. Is x prime?
True
Suppose 3*n = 2402*r - 2397*r - 208439, 3*r = -2*n + 125071. Is r a prime number?
False
Let i = 12847 - 9608. Is i a prime number?
False
Let r be (-9)/(54/6) - 2988/(-1). Is 6 + (-6 - -12) + r a prime number?
True
Let l be 2*-1 + 4 + 4. Suppose -5*f = -5*d - 72 + 22, 4*f + 2*d = 52. Suppose l*m = f*m - 2154. Is m composite?
False
Let t(g) = g**3 - 43*g**2 + 41*g + 96. Let h be t(41). Let j = 3050 + h. Is j a composite number?
True
Let g(n) = 9*n**2 + 4*n - 2. Let s(t) = t**3 + 10*t**2 - 11*t + 1. Let x be s(-11). Suppose c + 8 + 1 = -4*o, x = -o. Is g(c) composite?
True
Let j(d) = -3*d + 121. Let v be j(36). Suppose v*k - 117297 = 7477. Is k composite?
True
Suppose 0 = -3*c + 15 - 3. Let v(d) = 74*d**2 - 8*d - 1. Is v(c) composite?
False
Let c be (32/6 + -4)*27/(-2). Is ((-24)/27)/(-4) - 12002/c a prime number?
False
Let j(q) = 20*q**3 - 6*q**2 + 8*q - 17. Let h(f) = -19*f**3 + 6*f**2 - 7*f + 15. Let w(y) = -5*h(y) - 4*j(y). Is w(5) a prime number?
True
Let u(z) = -z**3 - 5*z**2 + 4*z - 7. Let l be u(-6). Let f = -1552 + 5547. Suppose 5*q - o - o = f, -o - l = 0. Is q a composite number?
False
Let r = 48 - 48. Suppose z - 4*b - 48 = 0, r*z + 4*z + 2*b = 138. Suppose z*m - 446 = 34*m. Is m composite?
False
Let d = -651426 + 1012835. Is d composite?
False
Let c be 28/(((-8)/276)/(-1)). Let l = -60 + 64. Suppose -s = -l*z + 1920, -z = z + s - c. Is z prime?
False
Is 2/(-32) + 217359107/304 + 12 a composite number?
True
Is (((-759)/22)/23)/((-3)/308804) prime?
False
Let b = 58 - 56. Suppose -v = 2*t - 2556, -t + b*v = -1103 - 165. Suppose 0 = -x + 1 + 2, q + 5*x = t. Is q prime?
False
Suppose 2*s = 5*c + 7*s, 0 = 3*s. Suppose c = -b - 14 + 588. Let f = b - -213. Is f composite?
False
Let t be (-12)/(-30) + ((-78)/(-15))/2. Suppose -n + v + 18 = -v, 2*n + t*v = 1. Is (1/(8/(-1402)))/((-2)/n) composite?
False
Suppose 0 = 22543*o - 22564*o + 28778757. Is o a composite number?
True
Suppose 34*x - 4366658 = -96564. Is x composite?
False
Let n be (133/(-2) + 1)/((-29)/46168). Suppose 0 = 6*v + 16106 - n. Is v a composite number?
True
Suppose 2*i - u = 40, 4*u - 30 = -i + 2*u. Let h be (-46 + i)/(0 + 4/10). Let t = h + 507. Is t composite?
True
Let u = 62 + -58. Suppose 51 = l - o, 6*l - 5*o - 90 = u*l. Suppose l + 34 = c. Is c a prime number?
True
Let u be 1*69/6*-28. Let h = 539 + u. Is h composite?
True
Suppose 0 = -8*o + 83911 + 73337. Let m = o + 11839. Is m a prime number?
False
Let i(t) = -46194*t + 3341. Is i(-9) prime?
True
Suppose 0*w - 4*w + 5*u + 4108 = 0, 4*w - 4*u = 4108. Let z be (-1 + 1*17)*2163/42. Suppose 0*m + z = 4*j + 3*m, 3*m = -5*j + w. Is j a prime number?
False
Suppose y = -2*m + 895722, 2*m + 2687150 = 13*y - 10*y. Is y prime?
False
Let i(k) be the first derivative of 3*k**4/4 + 6*k**3 - 8*k**2 + 3*k - 76. Is i(14) a composite number?
True
Let l(z) be the second derivative of z**3/3 + 161*z**2/2 + 19*z + 1. Is l(45) prime?
True
Let r(h) = -40 + 17 - 658*h + 22. Let p(w) = w**2 - 8*w + 4. Let k be p(7). Is r(k) a composite number?
False
Suppose -8906 = -5*v - 771. Suppose 0 = -n - 4*m - 418 - 692, -4*m + 5406 = -5*n. Let i = n + v. Is i composite?
False
Let w(a) = 5144*a**2 + 307*a + 2659. Is w(-8) a composite number?
False
Is ((-16)/112 + 558/35)/((-2)/(-3070)) a composite number?
True
Is 1487314/((-17 - 19)/(-18)) a composite number?
False
Suppose -6*y - 399210 = -12*y. Is y/9 - 72/(-324) a composite number?
False
Is ((-24)/(-84)*(-35)/(-25))/(2/197555) composite?
False
Let j be (1/4)/(3/2436). Let k = 2406 + j. Is k composite?
False
Suppose -366760 + 100431 = 7*k. Let t = -26436 - k. Is t composite?
True
Let p be 1412 + 2/(-1) - 4. Let v = -817 + p. Let q = 1688 - v. Is q composite?
True
Suppose 62*c = 103*c - 60*c + 2909945. Is c a co